at is the greatest common divisor of x and u?
15
Suppose -30*v + 2044 = 124. Calculate the highest common factor of 432 and v.
16
Suppose 25*z - 2797 = 5203. What is the greatest common factor of z and 96?
32
Suppose 4*x + 83 = 195. Calculate the greatest common divisor of 630 and x.
14
Let j(n) be the third derivative of -n**4/12 + 10*n**3/3 - 27*n**2. Let v be j(9). What is the highest common divisor of v and 14?
2
Let j(b) = 101*b**2 - 33*b**2 - 34*b**2 - 3*b - 33*b**2 - 9. Suppose 5*u - 27 - 3 = 0. Let p be j(u). Calculate the highest common factor of p and 3.
3
Suppose 3*f - 122 = 5*m, 4*m + 50 = 3*f - 2*f. What is the highest common divisor of 527 and f?
17
Suppose -13*o + 2640 = 9*o. Calculate the greatest common factor of o and 16.
8
Let k be (-24)/10*((-16)/12 - 2). Let r(q) = -2*q + 8. Let g be r(-12). What is the greatest common factor of g and k?
8
Let m = 1827 - 1813. Let o(p) = 5*p**2. Let h be o(-1). Suppose 10 = h*u, -4*q - 36 = -7*q + 3*u. What is the greatest common divisor of m and q?
14
Suppose 21 = 3*w - 3*s, 0 = -4*s + 3 - 15. Suppose w*v - 7 - 17 = 0. Calculate the greatest common divisor of 15 and v.
3
Let u = -79 - -99. Suppose -3*p = -4*y + 415, y - 4*p - 82 = 38. What is the greatest common divisor of u and y?
20
Suppose 4*b - 5*c = 39, 0 = 8*b - 4*b + 3*c - 15. Calculate the greatest common divisor of b and 1542.
6
Suppose 3*q = -p + 15, 0 = -q + 5*q + 4. Calculate the highest common factor of p and 117.
9
Let d(q) = -75*q**3 - q + 48*q**3 - 88*q**3 - 2*q**2. Let x be d(-1). Let p be 11/2*x/3. Calculate the highest common divisor of p and 19.
19
Suppose 2*k + 29 = 3*v, -6*v + 4*v + 31 = k. Calculate the greatest common divisor of 403 and v.
13
Let w = 250 - 211. What is the highest common factor of w and 65?
13
Suppose 1221 = 9*q + 1086. Calculate the greatest common factor of 265 and q.
5
Let c = -609 + 615. Calculate the greatest common factor of c and 6.
6
Suppose 0 = -65*l + 62*l + 1677. Suppose -139 = 5*p - l. What is the highest common factor of 14 and p?
14
Let k = 1376 + -1104. Calculate the greatest common factor of 85 and k.
17
Let p be 28/210 - 6238/(-15). Calculate the greatest common factor of 26 and p.
26
Suppose 21*q = 11*q + 110. Let h(w) = w**3 - w**2 + w + 1. Let g be h(3). What is the greatest common factor of g and q?
11
Suppose g - 1899 = -3*z, -5*g + 9531 = -3*z - 0*z. What is the highest common factor of g and 127?
127
Suppose -3*r + 7*r = 2176. What is the highest common factor of r and 17?
17
Suppose x - 6 = 2*r + 5*x, -3*x = -3*r + 27. Suppose -2*b + 2*n - 386 = -r*b, 5*n + 610 = 5*b. Calculate the highest common divisor of 54 and b.
18
Suppose 3*x + 2*x - 160 = 0. Let l = -19 + x. Suppose -3*j = -49 + l. Calculate the greatest common factor of j and 12.
12
Suppose 2*q - q = 2. Let n be (2 + -4)*-1 + q. Suppose -50 = -n*v + 14. What is the greatest common factor of 144 and v?
16
Suppose 3*b + 14 - 26 = 0. Calculate the greatest common divisor of 22 and b.
2
Suppose -25 = 3*d - 4*g, 3*g - 24 + 9 = d. Let y be 108 - (-1 + (d - -2)). What is the highest common divisor of y and 10?
10
Let z be -58 + 1/1*-3. Let m = 137 - z. What is the greatest common divisor of m and 18?
18
Suppose -14*h + 39 + 171 = 0. What is the greatest common divisor of h and 420?
15
Let k(l) = -7*l + 77. Let w be k(0). What is the greatest common factor of 14 and w?
7
Suppose 34*c = -5642 + 15502. What is the greatest common factor of 10 and c?
10
Let a(c) = -c**3 + 4*c**2 + 6*c - 1. Let i be a(5). Let o be (30/10)/(3/i). Suppose o*g - 67 = 29. Calculate the highest common divisor of g and 6.
6
Let t be (-25 - -1)*(-1 + 14/21). What is the greatest common factor of t and 648?
8
Let o be (48/(-45))/(-8) - 223/(-15). What is the greatest common factor of 60 and o?
15
Suppose -2*z = -4*z + 4. Suppose -7*j + 40 = -z*j. Suppose -2*c - 63 + j = -5*o, 2*o = 2*c + 16. Calculate the greatest common divisor of o and 65.
13
Suppose 34 - 139 = -7*a. Calculate the highest common factor of a and 1.
1
Suppose 410 = 3*c + 44. Let v = c + -17. Calculate the highest common factor of 42 and v.
21
Suppose 3*f - 8 = l + 22, -3*l + 9 = 0. Calculate the highest common divisor of 55 and f.
11
Suppose -14 = -q - 3*p, 4*q + p = q + 10. Suppose q = x - 0. Suppose x - 6 = -2*y. Calculate the highest common factor of y and 14.
2
Let o be -10 + 0 + 2 - 0 - -36. Let u be (8/3)/(2/21). Calculate the highest common factor of u and o.
28
Let c = 17 + -17. Let v be 0 + c + (0 - 0). Let r be -1 - (v + 4 - 60). Calculate the highest common divisor of r and 5.
5
Let v be (-190)/76 - 5045/(-2). What is the highest common divisor of v and 112?
56
Suppose -3*h - 12 = 0, -2*b - 3*h + 6*h = 1716. Let u be (0 - (-8)/12)/((-4)/b). Calculate the highest common divisor of u and 16.
16
Let q be 66/(-9) + 2/6. Let u = q - -11. Suppose -4*k = u*s - 208, 0*k + 196 = 4*s + k. Calculate the highest common factor of s and 6.
6
Suppose -3*g = -321*k + 320*k + 237, 0 = -4*k + 4*g + 940. Suppose 4*s - 26 = -o + s, 0 = s. What is the highest common factor of k and o?
26
Suppose 0 = -11*u - 42 + 174. Calculate the greatest common factor of u and 12.
12
Let l be (1479/4)/(42/112). What is the greatest common factor of 58 and l?
58
Let d(r) = r**3 + 33*r**2 + 61*r + 57. Let s be d(-31). Calculate the greatest common divisor of s and 44.
44
Let f = -774 - -789. Calculate the highest common factor of 2535 and f.
15
Suppose -3*s + 54 = 3*q, -4*s - 3*q = -54 - 22. Suppose 105 = -17*d + s*d. Let r = 165 - 60. What is the greatest common factor of r and d?
21
Suppose 0 = -3*q + y + 2734, q - 2*y = 129 + 779. Calculate the greatest common divisor of 57 and q.
57
Let l(c) = -2*c**2 + 11*c + 22. Let g be l(5). What is the greatest common divisor of g and 540?
27
Let y be (8/(-6))/(4/(-9)). Suppose -2 = 4*h - y*q + 2, q = 5*h - 6. Suppose -2*a + 76 = h*v, 0*a = a - v - 46. What is the highest common divisor of 28 and a?
14
Suppose 83*f - 13209 = -1257. Calculate the highest common divisor of 102 and f.
6
Let r = 576 - -118. Suppose 0 = -5*t + 2*a + r, 3*a = -a + 12. What is the highest common divisor of t and 20?
20
Let s = -748 - -752. What is the greatest common factor of 32 and s?
4
Let u(t) be the second derivative of t**3/6 + 9*t**2/2 - t. Let q be u(-11). Let l be (2/5)/(q/(-60)). Calculate the highest common divisor of l and 96.
12
Suppose 13*c - 24 = 10*c. Let o be (-2)/c + 15/12. Suppose -v + 14 + o = 0. Calculate the greatest common divisor of v and 30.
15
Let c be 3*(16/6)/(-4). Let d be -22*(3 + 7/c). What is the highest common factor of d and 55?
11
Suppose 0 = -0*h + 2*h - 20. Let a(v) = -v + 4. Let o be a(-9). Let m = o - 8. What is the greatest common factor of h and m?
5
Let k(x) = x**2 - 2*x - 8. Let i be k(-3). Let j be (2/6)/(11/(-99)) + i. Calculate the greatest common factor of 4 and j.
4
Let i(u) = -u**3 + 17*u**2 - 16*u + 21. Let y be i(16). Let b be (y/6)/((-2)/(-4)). Calculate the greatest common factor of b and 77.
7
Let f(o) = -o**3 + 14*o**2 + 15*o + 5. Let u be f(15). Let s(g) = -g**3 + 5*g**2 + 5*g - 10. Let h be s(u). What is the greatest common factor of 240 and h?
15
Suppose 23 + 19 = 2*f. Let n(q) = q**2 + 2*q + 4. Let v be n(-5). Suppose -168 = 17*p - v*p. What is the greatest common factor of p and f?
21
Suppose -4 = 4*w - 5*w + 5*b, -3*w + 3*b + 48 = 0. Calculate the highest common factor of w and 893.
19
Suppose 4*s + 4*l = -52, 0 = 4*s + 2*l + 102 - 42. Let v = s + 35. Calculate the greatest common factor of 90 and v.
18
Let r = 1708 + -909. Calculate the greatest common divisor of r and 47.
47
Suppose 2*a - 10*a - 88 = 0. Let o = 1 - a. Calculate the highest common divisor of 24 and o.
12
Let o be (24 - (-2)/(-2)) + (-819)/117. Let p = -173 - -253. What is the greatest common factor of o and p?
16
Let v be -65*((-18)/(-15) - 2). Let m be (-1 - -14)*(-11)/(-11). What is the greatest common divisor of v and m?
13
Let b = -70 + 37. Let s = -87 - b. Let i = -41 - s. What is the highest common factor of 91 and i?
13
Let x(i) = i**3 + 5*i**2 + i - 2. Let n be x(-4). Let w be 176/n - 4/(-10). Suppose -17*l - 3*l - 13*l + 297 = 0. What is the highest common factor of l and w?
9
Suppose 18 = 11*n - 26. Suppose 0*y = -n*y + 24. Calculate the highest commo